t is -10001101110110001101101110 + -100?
-10001101110110001101110010
In base 11, what is -1631a3 - -2157?
-161047
In base 11, what is -5345866 + -6?
-5345871
In base 12, what is -11555 + -363?
-118b8
In base 9, what is 2155675 + 338?
2156124
In base 8, what is -34720 + -114534?
-151454
In base 2, what is -111010 - -1111110010000000?
1111110001000110
In base 7, what is 10333216 - 212?
10333004
In base 12, what is -8 + -15265a7?
-15265b3
In base 12, what is 144a3661 + 1?
144a3662
In base 15, what is 722c9e + b7?
722d66
In base 2, what is -100001 + 101111010010000111010?
101111010010000011001
In base 9, what is 727 - -2350?
3177
In base 10, what is 3 + 5891347?
5891350
In base 9, what is 86373 - 452?
85821
In base 9, what is -56151 - 1857?
-58118
In base 14, what is -4964 + -129d1?
-17555
In base 9, what is 17 + 6152652?
6152670
In base 12, what is -31266932 + -3?
-31266935
In base 4, what is 223201 + 20211220?
21101021
In base 13, what is -15cc - 2a2?
-18a1
In base 15, what is 3e418 + 6?
3e41e
In base 16, what is 10c9d - -24f?
10eec
In base 10, what is -11647119 - -5?
-11647114
In base 16, what is -d8135 + -4b?
-d8180
In base 10, what is 13329 + -17339?
-4010
In base 4, what is -12122 - -2210213?
2132031
In base 3, what is -111222111 + -20102002?
-202101120
In base 6, what is -2 + 42240411?
42240405
In base 8, what is 26345445 - 16?
26345427
In base 4, what is 1310302 + -121223?
1123013
In base 14, what is 60 - 2a950?
-2a8d0
In base 5, what is 30210430440 + -10?
30210430430
In base 10, what is 2 - -43322913?
43322915
In base 5, what is -32302231 - -3101?
-32244130
In base 8, what is -33 + 20676423?
20676370
In base 4, what is -2011 + 1021202312?
1021200301
In base 16, what is -11a8f + 294?
-117fb
In base 7, what is 3 - -64016034?
64016040
In base 5, what is -2041243304013 + -10?
-2041243304023
In base 6, what is 44 - 2451522?
-2451434
In base 16, what is -16 - -3c61?
3c4b
In base 13, what is -4 + 649c309?
649c305
In base 5, what is -43424 - -124432?
31003
In base 9, what is 7668050 - 34?
7668015
In base 7, what is -25 + -44104141?
-44104166
In base 16, what is -296e + -41cd?
-6b3b
In base 5, what is 1144230432 - 4?
1144230423
In base 6, what is 35551414 + -45?
35551325
In base 2, what is -1 - 1101001010000001010010000?
-1101001010000001010010001
In base 6, what is -1103055 - 310?
-1103405
In base 16, what is cefa8b - -5?
cefa90
In base 14, what is -19b593c + 2?
-19b593a
In base 3, what is -1 + -202202222120210?
-202202222120211
In base 3, what is -11 - -2011221021001?
2011221020220
In base 6, what is 12 + 2304235400?
2304235412
In base 7, what is 1 + -13062311?
-13062310
In base 7, what is -33555565 - 101?
-33555666
In base 16, what is 6 + 16570d?
165713
In base 3, what is -101201022 - 10102?
-101211201
In base 9, what is 8203418 - 7?
8203411
In base 8, what is 525442 + -2762?
522460
In base 4, what is -10211 - -132221003?
132210132
In base 9, what is -8423 + -1648?
-11172
In base 13, what is 373 - 1870?
-14ca
In base 4, what is -30302 + -1232302?
-1323210
In base 16, what is 16 + a17a4?
a17ba
In base 8, what is 2 + -7471136?
-7471134
In base 14, what is -8db675 + -16?
-8db68b
In base 7, what is -3010220 + -25?
-3010245
In base 12, what is -22a48 + 9b3?
-22055
In base 15, what is -132 + -3001?
-3133
In base 10, what is 416 + 456474?
456890
In base 11, what is -1040a9 + -246?
-104344
In base 5, what is 4 - -2004034022?
2004034031
In base 2, what is 111101011010110 + -11100011?
111100111110011
In base 15, what is 10e56a - -8d0?
10ee4a
In base 16, what is 62f7a + -201?
62d79
In base 16, what is -c302e + -9?
-c3037
In base 8, what is -32357 - 21164?
-53543
In base 2, what is -110101010011100011 - -11011001001?
-110100111000011010
In base 14, what is 211a + -443?
1ab7
In base 7, what is -60035 - 441?
-60506
In base 4, what is -21102111 - 100320?
-21203031
In base 14, what is 1 - -31a6a9a?
31a6a9b
In base 6, what is 154420 + 1343001?
1541421
In base 15, what is 3e7d0ab - 6?
3e7d0a5
In base 6, what is -1032 + 12014311?
12013235
In base 11, what is -42 + 1526a72?
1526a30
In base 16, what is 1eca389 + -13?
1eca376
In base 15, what is -342 + -144abe?
-144e11
In base 11, what is 3 - -57881a6?
57881a9
In base 4, what is 1 + 2200032110021?
2200032110022
In base 3, what is 2210011001121200 - -21?
2210011001121221
In base 7, what is -13 + -16101511?
-16101524
In base 16, what is 34fa18 - 1a?
34f9fe
In base 2, what is -1101001100011010001000 - 1000?
-1101001100011010010000
In base 4, what is -21121 - -10131?
-10330
In base 15, what is -37b3d + -6ba?
-38308
In base 2, what is -110 + 1001110001?
1001101011
In base 4, what is -2 - -323313?
323311
In base 16, what is -4 - -1e2c15?
1e2c11
In base 7, what is -3333303 + -5?
-3333311
In base 16, what is -f341 + 35f?
-efe2
In base 5, what is 432121223022 - -4?
432121223031
In base 8, what is -4400767711 + 5?
-4400767704
In base 9, what is 53 - 467505?
-467442
In base 5, what is 41002 - -2423?
43430
In base 3, what is -222211102122 - -212?
-222211101210
In base 14, what is 8812c8 - 5?
8812c3
In base 11, what is 4a51a + 16?
4a535
In base 15, what is -1b - -307a6?
3078a
In base 15, what is -4 + -144b47?
-144b4b
In base 16, what is -d08 + -1c39?
-2941
In base 8, what is 77672710 + 4?
77672714
In base 13, what is -4611312 - 2?
-4611314
In base 3, what is 210012220220 - 2220202?
210010000011
In base 8, what is 304 - -653744?
654250
In base 3, what is 1012100212012212 + -1?
1012100212012211
In base 3, what is 100100011212 + -1112?
100100010100
In base 3, what is 12221 - 212111?
-122120
In base 16, what is -10 + 11677?
11667
In base 4, what is 323123013 - -123?
323123202
In base 10, what is 376030733 - -5?
376030738
In base 4, what is -30130022201333 - -2?
-30130022201331
In base 5, what is -213112001420 - 4?
-213112001424
In base 8, what is 67 - -1104662?
1104751
In base 16, what is -f9 - 3fdc9?
-3fec2
In base 3, what is 1 + -1010221121100?
-1010221121022
In base 14, what is 2a17 - -15872?
18489
In base 13, what is -5a10a0 + 76?
-5a1027
In base 8, what is -160135 - 45?
-160202
In base 10, what is -97153 + 308?
-96845
In base 9, what is -223188 - 38?
-223237
In base 4, what is -3111 - 3302012?
-3311123
In base 12, what is -4258 + 1384?
-2a94
In base 8, what is -5070 - 3326?
-10416
In base 16, what is -141a07 + -1?
-141a08
In base 14, what is 27c46d0 - 2?
27c46cc
In base 2, what is 11001101110100101 + -11011100?
11001101011001001
In base 12, what is b45 - 172?
993
In base 5, what is -432402012 - 1240?
-432403302
In base 5, what is -224442212401 + 10?
-224442212341
In base 5, what is -14213014 + -10?
-14213024
In base 6, what is -2 - -4500101?
4500055
In base 8, what is 35 + -7626001?
-7625744
In base 8, what is -347737 - -15?
-347722
In base 4, what is 11221300101 + -3?
11221300032
In base 13, what is -3300421 + 5?
-3300419
In base 16, what is 2d0ca5 + -3d?
2d0c68
In base 16, what is -aed + 2e2d?
2340
In base 10, what is 19 - -2323?
2342
In base 16, what is c + -12f2e6?
-12f2da
In base 5, what is 10012200 + -121?
10012024
In base 3, what is -10 + -111021210212020?
-111021210212100
In base 2, what is -100111011 - 11100110001110?
-11101011001001
In base 10, what is 115550 - 19?
115531
In base 13, what is 2610 - 20c26?
-1b616
In base 3, what is 10 - 200222210010200?
-200222210010120
In base 10, what is 7 - 1833858?
-1833851
In base 8, what is 3144725 - -24?
3144751
In base 13, what is -cc34c8 + -8?
-cc3503
In base 4, what is 1301022220 - -21?
1301022301
In base 8, what is -403 + 61204?
60601
In base 4, what is -1 + -1231223210012?
-1231223210013
In base 2, what is 10100010 + 1001100111110100101?
1001101000001000111
In base 7, what is 232 - 15625023?
-15624461
In base 10, what is 38795539 - 5?
38795534
In base 16, what is 2cc133 - 4f?
2cc0e4
In base 9, what is 273385 - 68?
273316
In base 14, what is 182bb + -5?
182b6
In base 2, what is -10011 - 1010011001100000000001?
-1010011001100000010100
In base 2, what is -1011 + 10000001111000010011100?
10000001111000010010001
In base 8, what is -2402 + 160016?
155414
In base 5, what is -402321 + 42420?
-304401
In base 8, what is -5 - -5007720?
5007713
In base 11, what is -13578 - -84?
-134a4
In base 9, what is 16842771 + 40?
16842821
In base 13, what is -1a9c3 + 2b9?
-1a707
In base 11, w